{"id":273,"date":"2025-05-20T15:41:24","date_gmt":"2025-05-20T15:41:24","guid":{"rendered":"https:\/\/kesimlerinsaat.com\/?page_id=273"},"modified":"2025-06-23T09:37:04","modified_gmt":"2025-06-23T06:37:04","slug":"hakkimizda","status":"publish","type":"page","link":"https:\/\/kesimlerinsaat.com\/?page_id=273","title":{"rendered":"Hakk\u0131m\u0131zda"},"content":{"rendered":"\t\t<div data-elementor-type=\"wp-page\" data-elementor-id=\"273\" class=\"elementor elementor-273\" data-elementor-post-type=\"page\">\n\t\t\t\t\t\t<section class=\"elementor-section elementor-top-section elementor-element elementor-element-782a4aad elementor-section-boxed elementor-section-height-default elementor-section-height-default\" data-id=\"782a4aad\" data-element_type=\"section\" data-settings=\"{&quot;background_background&quot;:&quot;classic&quot;}\">\n\t\t\t\t\t\t\t<div class=\"elementor-background-overlay\"><\/div>\n\t\t\t\t\t\t\t<div class=\"elementor-container elementor-column-gap-default\">\n\t\t\t\t\t<div class=\"elementor-column elementor-col-100 elementor-top-column elementor-element elementor-element-102db855 elementor-invisible\" data-id=\"102db855\" data-element_type=\"column\" data-settings=\"{&quot;animation&quot;:&quot;fadeInDown&quot;}\">\n\t\t\t<div class=\"elementor-widget-wrap elementor-element-populated\">\n\t\t\t\t\t\t<div class=\"elementor-element elementor-element-734455c2 elementor-widget elementor-widget-heading\" data-id=\"734455c2\" data-element_type=\"widget\" data-widget_type=\"heading.default\">\n\t\t\t\t<div class=\"elementor-widget-container\">\n\t\t\t\t\t<h1 class=\"elementor-heading-title elementor-size-default\">Builds a Better World<\/h1>\t\t\t\t<\/div>\n\t\t\t\t<\/div>\n\t\t\t\t<div class=\"elementor-element elementor-element-25eb9454 elementor-widget elementor-widget-heading\" data-id=\"25eb9454\" data-element_type=\"widget\" data-widget_type=\"heading.default\">\n\t\t\t\t<div class=\"elementor-widget-container\">\n\t\t\t\t\t<h4 class=\"elementor-heading-title elementor-size-default\">Velit auctor maecenas nisl tristique dolor eu parturient<\/h4>\t\t\t\t<\/div>\n\t\t\t\t<\/div>\n\t\t\t\t\t<\/div>\n\t\t<\/div>\n\t\t\t\t\t<\/div>\n\t\t<\/section>\n\t\t\t\t<section class=\"elementor-section elementor-top-section elementor-element elementor-element-64995e72 elementor-section-boxed elementor-section-height-default elementor-section-height-default elementor-invisible\" data-id=\"64995e72\" data-element_type=\"section\" data-settings=\"{&quot;background_background&quot;:&quot;classic&quot;,&quot;animation&quot;:&quot;fadeInLeft&quot;}\">\n\t\t\t\t\t\t<div class=\"elementor-container elementor-column-gap-default\">\n\t\t\t\t\t<div class=\"elementor-column elementor-col-100 elementor-top-column elementor-element elementor-element-5b62321b\" data-id=\"5b62321b\" data-element_type=\"column\">\n\t\t\t<div class=\"elementor-widget-wrap elementor-element-populated\">\n\t\t\t\t\t\t<div class=\"elementor-element elementor-element-4f82ef43 elementor-icon-list--layout-inline elementor-list-item-link-full_width elementor-widget elementor-widget-icon-list\" data-id=\"4f82ef43\" data-element_type=\"widget\" data-widget_type=\"icon-list.default\">\n\t\t\t\t<div class=\"elementor-widget-container\">\n\t\t\t\t\t\t\t<ul class=\"elementor-icon-list-items elementor-inline-items\">\n\t\t\t\t\t\t\t<li class=\"elementor-icon-list-item elementor-inline-item\">\n\t\t\t\t\t\t\t\t\t\t\t<span class=\"elementor-icon-list-icon\">\n\t\t\t\t\t\t\t<i aria-hidden=\"true\" class=\"icon icon-home\"><\/i>\t\t\t\t\t\t<\/span>\n\t\t\t\t\t\t\t\t\t\t<span class=\"elementor-icon-list-text\">Home<\/span>\n\t\t\t\t\t\t\t\t\t<\/li>\n\t\t\t\t\t\t\t\t<li class=\"elementor-icon-list-item elementor-inline-item\">\n\t\t\t\t\t\t\t\t\t\t\t<span class=\"elementor-icon-list-icon\">\n\t\t\t\t\t\t\t<i aria-hidden=\"true\" class=\"fas fa-chevron-right\"><\/i>\t\t\t\t\t\t<\/span>\n\t\t\t\t\t\t\t\t\t\t<span class=\"elementor-icon-list-text\">Hakk\u0131m\u0131zda<\/span>\n\t\t\t\t\t\t\t\t\t<\/li>\n\t\t\t\t\t\t<\/ul>\n\t\t\t\t\t\t<\/div>\n\t\t\t\t<\/div>\n\t\t\t\t\t<\/div>\n\t\t<\/div>\n\t\t\t\t\t<\/div>\n\t\t<\/section>\n\t\t\t\t<section class=\"elementor-section elementor-top-section elementor-element elementor-element-41d28a74 elementor-section-boxed elementor-section-height-default elementor-section-height-default\" data-id=\"41d28a74\" data-element_type=\"section\">\n\t\t\t\t\t\t<div class=\"elementor-container elementor-column-gap-default\">\n\t\t\t\t\t<div class=\"elementor-column elementor-col-100 elementor-top-column elementor-element elementor-element-328799b7\" data-id=\"328799b7\" data-element_type=\"column\">\n\t\t\t<div class=\"elementor-widget-wrap elementor-element-populated\">\n\t\t\t\t\t\t<div class=\"elementor-element elementor-element-262f4e60 elementor-invisible elementor-widget elementor-widget-heading\" data-id=\"262f4e60\" data-element_type=\"widget\" data-settings=\"{&quot;_animation&quot;:&quot;fadeInUp&quot;}\" data-widget_type=\"heading.default\">\n\t\t\t\t<div class=\"elementor-widget-container\">\n\t\t\t\t\t<h6 class=\"elementor-heading-title elementor-size-default\">De\u011ferlerimiz.<\/h6>\t\t\t\t<\/div>\n\t\t\t\t<\/div>\n\t\t\t\t<div class=\"elementor-element elementor-element-6ab54fc6 elementor-invisible elementor-widget elementor-widget-heading\" data-id=\"6ab54fc6\" data-element_type=\"widget\" data-settings=\"{&quot;_animation&quot;:&quot;fadeInDown&quot;}\" data-widget_type=\"heading.default\">\n\t\t\t\t<div class=\"elementor-widget-container\">\n\t\t\t\t\t<h2 class=\"elementor-heading-title elementor-size-default\">Neden Bizi Tercih Etmelisiniz ?<\/h2>\t\t\t\t<\/div>\n\t\t\t\t<\/div>\n\t\t\t\t<section class=\"elementor-section elementor-inner-section elementor-element elementor-element-431494ca elementor-section-boxed elementor-section-height-default elementor-section-height-default\" data-id=\"431494ca\" data-element_type=\"section\">\n\t\t\t\t\t\t<div class=\"elementor-container elementor-column-gap-default\">\n\t\t\t\t\t<div class=\"elementor-column elementor-col-50 elementor-inner-column elementor-element elementor-element-4692a607 elementor-invisible\" data-id=\"4692a607\" data-element_type=\"column\" data-settings=\"{&quot;animation&quot;:&quot;fadeInLeft&quot;}\">\n\t\t\t<div class=\"elementor-widget-wrap elementor-element-populated\">\n\t\t\t\t\t\t<div class=\"elementor-element elementor-element-2ae06dcc ekit-equal-height-disable elementor-widget elementor-widget-elementskit-icon-box\" data-id=\"2ae06dcc\" data-element_type=\"widget\" data-widget_type=\"elementskit-icon-box.default\">\n\t\t\t\t<div class=\"elementor-widget-container\">\n\t\t\t\t\t<div class=\"ekit-wid-con\" >        <!-- link opening -->\n                <a href=\"#\" class=\"ekit_global_links\">\n                <!-- end link opening -->\n\n        <div class=\"elementskit-infobox text-center text- icon-top-align elementor-animation-float   \">\n                    <div class=\"elementskit-box-header elementor-animation-\">\n                <div class=\"elementskit-info-box-icon  \">\n                    <i aria-hidden=\"true\" class=\"elementkit-infobox-icon icon icon-light-bulb1\"><\/i>\n                <\/div>\n          <\/div>\n                        <div class=\"box-body\">\n                            <h3 class=\"elementskit-info-box-title\">\n                    Vizyonumuz                <\/h3>\n                        \t\t  \t<p>G\u00fcvenilirli\u011fimiz, kalite anlay\u0131\u015f\u0131m\u0131z ve m\u00fchendislik g\u00fcc\u00fcm\u00fczle; sanayi yap\u0131lar\u0131 ve end\u00fcstriyel projelerde akla gelen ilk marka olmak.\nYaln\u0131zca bulundu\u011fumuz b\u00f6lgede de\u011fil, \u00fclke genelinde \u00fcretimi destekleyen yap\u0131larla de\u011fer yaratarak, in\u015faat sekt\u00f6r\u00fcnde kal\u0131c\u0131 ve sayg\u0131n bir yer edinmek.\n\n<\/p>\n                                <\/div>\n        \n        <div class=\"icon-hover\">\n            <i aria-hidden=\"true\" class=\"icon icon-light-bulb1\"><\/i>        <\/div>\n\n        \n        \n                <\/div>\n                <\/a>\n        <\/div>\t\t\t\t<\/div>\n\t\t\t\t<\/div>\n\t\t\t\t\t<\/div>\n\t\t<\/div>\n\t\t\t\t<div class=\"elementor-column elementor-col-50 elementor-inner-column elementor-element elementor-element-59371a7f elementor-invisible\" data-id=\"59371a7f\" data-element_type=\"column\" data-settings=\"{&quot;animation&quot;:&quot;fadeInLeft&quot;,&quot;animation_delay&quot;:240}\">\n\t\t\t<div class=\"elementor-widget-wrap elementor-element-populated\">\n\t\t\t\t\t\t<div class=\"elementor-element elementor-element-4f43f896 ekit-equal-height-disable elementor-widget elementor-widget-elementskit-icon-box\" data-id=\"4f43f896\" data-element_type=\"widget\" data-widget_type=\"elementskit-icon-box.default\">\n\t\t\t\t<div class=\"elementor-widget-container\">\n\t\t\t\t\t<div class=\"ekit-wid-con\" >        <!-- link opening -->\n                <a href=\"#\" class=\"ekit_global_links\">\n                <!-- end link opening -->\n\n        <div class=\"elementskit-infobox text-center text- icon-top-align elementor-animation-float   \">\n                    <div class=\"elementskit-box-header elementor-animation-\">\n                <div class=\"elementskit-info-box-icon  \">\n                    <i aria-hidden=\"true\" class=\"elementkit-infobox-icon icon icon-pen_shape\"><\/i>\n                <\/div>\n          <\/div>\n                        <div class=\"box-body\">\n                            <h3 class=\"elementskit-info-box-title\">\n                    Misyonumuz                <\/h3>\n                        \t\t  \t<p>Temelini m\u00fchendislik bilgi birikimimiz ve saha deneyimimizden alan, modern, g\u00fcvenli ve i\u015flevsel yap\u0131lar in\u015fa etmek.\nM\u00fc\u015fteri memnuniyetini ve kalite standartlar\u0131n\u0131 \u00f6n planda tutarak, \u00fclke ekonomisine katk\u0131 sa\u011flayan ve istihdam olu\u015fturan projelere imza atmakt\u0131r.\n\n<\/p>\n                                <\/div>\n        \n        <div class=\"icon-hover\">\n            <i aria-hidden=\"true\" class=\"icon icon-pen_shape\"><\/i>        <\/div>\n\n        \n        \n                <\/div>\n                <\/a>\n        <\/div>\t\t\t\t<\/div>\n\t\t\t\t<\/div>\n\t\t\t\t\t<\/div>\n\t\t<\/div>\n\t\t\t\t\t<\/div>\n\t\t<\/section>\n\t\t\t\t\t<\/div>\n\t\t<\/div>\n\t\t\t\t\t<\/div>\n\t\t<\/section>\n\t\t\t\t<section class=\"elementor-section elementor-top-section elementor-element elementor-element-47ec41ee elementor-section-full_width elementor-section-height-default elementor-section-height-default\" data-id=\"47ec41ee\" data-element_type=\"section\" data-settings=\"{&quot;background_background&quot;:&quot;classic&quot;}\">\n\t\t\t\t\t\t<div class=\"elementor-container elementor-column-gap-no\">\n\t\t\t\t\t<div class=\"elementor-column elementor-col-50 elementor-top-column elementor-element elementor-element-599cdd3 elementor-invisible\" data-id=\"599cdd3\" data-element_type=\"column\" data-settings=\"{&quot;animation&quot;:&quot;fadeInLeft&quot;}\">\n\t\t\t<div class=\"elementor-widget-wrap elementor-element-populated\">\n\t\t\t\t\t\t<div class=\"elementor-element elementor-element-2eef8bc8 elementor-widget elementor-widget-image\" data-id=\"2eef8bc8\" data-element_type=\"widget\" data-widget_type=\"image.default\">\n\t\t\t\t<div class=\"elementor-widget-container\">\n\t\t\t\t\t\t\t\t\t\t\t\t\t\t\t<img fetchpriority=\"high\" decoding=\"async\" width=\"2000\" height=\"1333\" src=\"https:\/\/kesimlerinsaat.com\/wp-content\/uploads\/2025\/05\/structural-engineer-and-architect-dressed-in-orange-work-vests-and-helmets-shake-hands-on-the.jpg\" class=\"attachment-full size-full wp-image-29\" alt=\"\" srcset=\"https:\/\/kesimlerinsaat.com\/wp-content\/uploads\/2025\/05\/structural-engineer-and-architect-dressed-in-orange-work-vests-and-helmets-shake-hands-on-the.jpg 2000w, https:\/\/kesimlerinsaat.com\/wp-content\/uploads\/2025\/05\/structural-engineer-and-architect-dressed-in-orange-work-vests-and-helmets-shake-hands-on-the-300x200.jpg 300w, https:\/\/kesimlerinsaat.com\/wp-content\/uploads\/2025\/05\/structural-engineer-and-architect-dressed-in-orange-work-vests-and-helmets-shake-hands-on-the-1024x682.jpg 1024w, https:\/\/kesimlerinsaat.com\/wp-content\/uploads\/2025\/05\/structural-engineer-and-architect-dressed-in-orange-work-vests-and-helmets-shake-hands-on-the-768x512.jpg 768w, https:\/\/kesimlerinsaat.com\/wp-content\/uploads\/2025\/05\/structural-engineer-and-architect-dressed-in-orange-work-vests-and-helmets-shake-hands-on-the-1536x1024.jpg 1536w\" sizes=\"(max-width: 2000px) 100vw, 2000px\" \/>\t\t\t\t\t\t\t\t\t\t\t\t\t\t\t<\/div>\n\t\t\t\t<\/div>\n\t\t\t\t\t<\/div>\n\t\t<\/div>\n\t\t\t\t<div class=\"elementor-column elementor-col-50 elementor-top-column elementor-element elementor-element-7e5bb099 elementor-invisible\" data-id=\"7e5bb099\" data-element_type=\"column\" data-settings=\"{&quot;animation&quot;:&quot;fadeInRight&quot;}\">\n\t\t\t<div class=\"elementor-widget-wrap elementor-element-populated\">\n\t\t\t\t\t\t<section class=\"elementor-section elementor-inner-section elementor-element elementor-element-3f49f20f elementor-section-boxed elementor-section-height-default elementor-section-height-default\" data-id=\"3f49f20f\" data-element_type=\"section\">\n\t\t\t\t\t\t<div class=\"elementor-container elementor-column-gap-default\">\n\t\t\t\t\t<div class=\"elementor-column elementor-col-100 elementor-inner-column elementor-element elementor-element-6eddfaf6\" data-id=\"6eddfaf6\" data-element_type=\"column\">\n\t\t\t<div class=\"elementor-widget-wrap elementor-element-populated\">\n\t\t\t\t\t\t<div class=\"elementor-element elementor-element-10c3d10b elementor-widget elementor-widget-heading\" data-id=\"10c3d10b\" data-element_type=\"widget\" data-widget_type=\"heading.default\">\n\t\t\t\t<div class=\"elementor-widget-container\">\n\t\t\t\t\t<h6 class=\"elementor-heading-title elementor-size-default\">Ge\u00e7mi\u015ften G\u00fcn\u00fcm\u00fcze<\/h6>\t\t\t\t<\/div>\n\t\t\t\t<\/div>\n\t\t\t\t<div class=\"elementor-element elementor-element-fbf1541 elementor-widget elementor-widget-heading\" data-id=\"fbf1541\" data-element_type=\"widget\" data-widget_type=\"heading.default\">\n\t\t\t\t<div class=\"elementor-widget-container\">\n\t\t\t\t\t<h2 class=\"elementor-heading-title elementor-size-default\"> \u00dcretimin Temelini At\u0131yoruz<\/h2>\t\t\t\t<\/div>\n\t\t\t\t<\/div>\n\t\t\t\t<div class=\"elementor-element elementor-element-6c60b0be elementor-widget elementor-widget-text-editor\" data-id=\"6c60b0be\" data-element_type=\"widget\" data-widget_type=\"text-editor.default\">\n\t\t\t\t<div class=\"elementor-widget-container\">\n\t\t\t\t\t\t\t\t\t<p>2017 y\u0131l\u0131nda G\u00fcrkan Kesim taraf\u0131ndan kurulan firmam\u0131z, ilk faaliyetlerine tekstil sekt\u00f6r\u00fcnde G\u00fcrfer Nonwovens Tekstil b\u00fcnyesinde ba\u015flam\u0131\u015f, ard\u0131ndan edindi\u011fi tecr\u00fcbelerle in\u015faat sekt\u00f6r\u00fcne y\u00f6nelmi\u015ftir. Bu s\u00fcre\u00e7te, sa\u011flam temeller \u00fczerine in\u015fa edilen Kesimler Yap\u0131 markas\u0131 do\u011fmu\u015f ve faaliyetlerini \u00f6zellikle sanayi siteleri ve end\u00fcstriyel projeler \u00fczerine yo\u011funla\u015ft\u0131rm\u0131\u015ft\u0131r.<\/p><p>Kuruldu\u011fumuz g\u00fcnden bu yana; sanayi siteleri, i\u015f merkezleri ve \u00fcretim alanlar\u0131 gibi projelerde uzmanla\u015farak, sekt\u00f6rde g\u00fcvenilir ve sayg\u0131n bir yer edinmeyi ba\u015fard\u0131k. Her projeye m\u00fchendislik bilgimizi, saha deneyimimizi ve kalite anlay\u0131\u015f\u0131m\u0131z\u0131 yans\u0131tarak; modern, g\u00fcvenli ve i\u015flevsel yap\u0131lar in\u015fa ediyoruz. Y\u00fcksek kalite standartlar\u0131m\u0131z ve m\u00fc\u015fteri odakl\u0131 yakla\u015f\u0131m\u0131m\u0131z sayesinde, \u00fclke ekonomisine katk\u0131da bulunmak ve yeni istihdam alanlar\u0131 olu\u015fturmak en \u00f6nemli hedeflerimiz aras\u0131nda yer almaktad\u0131r.<\/p><p>Bug\u00fcn, Kesimler Yap\u0131 olarak istikrarl\u0131 b\u00fcy\u00fcme anlay\u0131\u015f\u0131m\u0131zla yolumuza devam ediyoruz. \u00dcretimi destekleyen projelerimiz ve g\u00fc\u00e7l\u00fc vizyonumuzla, yaln\u0131zca bulundu\u011fumuz b\u00f6lgede de\u011fil, \u00fclke genelinde de\u011fer yaratan bir marka olma yolunda kararl\u0131l\u0131kla ilerliyoruz. \u00d6n\u00fcm\u00fczdeki d\u00f6nemde de g\u00fcvenilirli\u011fimizden, kalitemizden ve insan odakl\u0131 hizmet anlay\u0131\u015f\u0131m\u0131zdan \u00f6d\u00fcn vermeden daha b\u00fcy\u00fck ba\u015far\u0131lara imza atmay\u0131\u00a0hedefliyoruz.<\/p>\t\t\t\t\t\t\t\t<\/div>\n\t\t\t\t<\/div>\n\t\t\t\t<div class=\"elementor-element elementor-element-46b05e25 elementor-widget elementor-widget-eael-feature-list\" data-id=\"46b05e25\" data-element_type=\"widget\" data-widget_type=\"eael-feature-list.default\">\n\t\t\t\t<div class=\"elementor-widget-container\">\n\t\t\t\t\t\t\t<div class=\"-icon-position-left -tablet-icon-position-left -mobile-icon-position-left\">\n\t\t\t<ul id=\"eael-feature-list-46b05e25\" class=\"eael-feature-list-items square stacked  eael-feature-list-vertical\">\n\t\t\t                <li class=\"eael-feature-list-item elementor-repeater-item-fa5c8c2\">\n                    \n\t\t\t\t\t\t<div class=\"eael-feature-list-icon-box\">\n\t\t\t\t\t\t\t<div class=\"eael-feature-list-icon-inner\">\n\n\t\t\t\t\t\t\t\t<span class=\"eael-feature-list-icon fl-icon-0\">\n\n\t\t<i aria-hidden=\"true\" class=\"icon icon-light-bulb1\"><\/i>\t\t\t\t\t\t\t\t<\/span>\n\t\t\t\t\t\t\t<\/div>\n\t\t\t\t\t\t<\/div>\n\t\t\t\t\t\t<div class=\"eael-feature-list-content-box\">\n                            <h5 class=\"eael-feature-list-title\">Genel Fikir<\/h5>\t\t\t\t\t\t<p class=\"eael-feature-list-content\">Kesimler \u0130n\u015faat \u2014 \u00dcretimin Temelini At\u0131yoruz\nSanayi siteleri ve end\u00fcstriyel yap\u0131larla T\u00fcrkiye\u2019nin \u00fcretim g\u00fcc\u00fcne de\u011fer kat\u0131yoruz. G\u00fcvenli, modern ve i\u015flevsel projelerle gelece\u011fi in\u015fa ediyoruz.<\/p>\n\t\t\t\t\t\t<\/div>\n\n\t\t\t\t\t<\/li>\n\t\t\t\t\t\t\t<\/ul>\n\t\t<\/div>\n\t\t\t\t\t\t<\/div>\n\t\t\t\t<\/div>\n\t\t\t\t\t<\/div>\n\t\t<\/div>\n\t\t\t\t\t<\/div>\n\t\t<\/section>\n\t\t\t\t\t<\/div>\n\t\t<\/div>\n\t\t\t\t\t<\/div>\n\t\t<\/section>\n\t\t\t\t<\/div>\n\t\t","protected":false},"excerpt":{"rendered":"<p>Builds a Better World Velit auctor maecenas nisl tristique dolor eu parturient Home [&hellip;]<\/p>\n","protected":false},"author":1,"featured_media":0,"parent":0,"menu_order":0,"comment_status":"closed","ping_status":"closed","template":"elementor_header_footer","meta":{"footnotes":""},"class_list":["post-273","page","type-page","status-publish","hentry"],"_links":{"self":[{"href":"https:\/\/kesimlerinsaat.com\/index.php?rest_route=\/wp\/v2\/pages\/273","targetHints":{"allow":["GET"]}}],"collection":[{"href":"https:\/\/kesimlerinsaat.com\/index.php?rest_route=\/wp\/v2\/pages"}],"about":[{"href":"https:\/\/kesimlerinsaat.com\/index.php?rest_route=\/wp\/v2\/types\/page"}],"author":[{"embeddable":true,"href":"https:\/\/kesimlerinsaat.com\/index.php?rest_route=\/wp\/v2\/users\/1"}],"replies":[{"embeddable":true,"href":"https:\/\/kesimlerinsaat.com\/index.php?rest_route=%2Fwp%2Fv2%2Fcomments&post=273"}],"version-history":[{"count":0,"href":"https:\/\/kesimlerinsaat.com\/index.php?rest_route=\/wp\/v2\/pages\/273\/revisions"}],"wp:attachment":[{"href":"https:\/\/kesimlerinsaat.com\/index.php?rest_route=%2Fwp%2Fv2%2Fmedia&parent=273"}],"curies":[{"name":"wp","href":"https:\/\/api.w.org\/{rel}","templated":true}]}}